{"id":129,"date":"2025-08-15T09:05:51","date_gmt":"2025-08-15T09:05:51","guid":{"rendered":"http:\/\/lesterrespures.fr\/?page_id=129"},"modified":"2025-09-01T12:01:09","modified_gmt":"2025-09-01T12:01:09","slug":"projets-des-terres-pures","status":"publish","type":"page","link":"http:\/\/lesterrespures.fr\/?page_id=129","title":{"rendered":"Projets des Terres Pures"},"content":{"rendered":"\n<h2 class=\"wp-block-heading has-text-align-center\">Projets des Terres Pures<\/h2>\n\n\n\n<h3 class=\"wp-block-heading has-text-align-center\">Eco-Tourisme, Sant\u00e9 et \u00e9ducation \u00e0 l&rsquo;Environnement<\/h3>\n\n\n\n<div class=\"wp-block-columns are-vertically-aligned-center is-layout-flex wp-container-core-columns-is-layout-ddd108db wp-block-columns-is-layout-flex\" style=\"padding-top:33px;padding-bottom:33px\">\n<div class=\"wp-block-column is-vertically-aligned-center is-layout-flow wp-block-column-is-layout-flow\">\n<figure class=\"wp-block-image aligncenter size-large\"><img loading=\"lazy\" decoding=\"async\" width=\"1024\" height=\"1007\" src=\"http:\/\/lesterrespures.fr\/wp-content\/uploads\/2025\/08\/Carte-de-France-1024x1007.png\" alt=\"\" class=\"wp-image-131\" style=\"aspect-ratio:1;object-fit:cover\" srcset=\"http:\/\/lesterrespures.fr\/wp-content\/uploads\/2025\/08\/Carte-de-France-1024x1007.png 1024w, http:\/\/lesterrespures.fr\/wp-content\/uploads\/2025\/08\/Carte-de-France-300x295.png 300w, http:\/\/lesterrespures.fr\/wp-content\/uploads\/2025\/08\/Carte-de-France-768x755.png 768w, http:\/\/lesterrespures.fr\/wp-content\/uploads\/2025\/08\/Carte-de-France-1536x1510.png 1536w, http:\/\/lesterrespures.fr\/wp-content\/uploads\/2025\/08\/Carte-de-France.png 2014w\" sizes=\"auto, (max-width: 1024px) 100vw, 1024px\" \/><\/figure>\n<\/div>\n\n\n\n<div class=\"wp-block-column is-vertically-aligned-center is-layout-flow wp-block-column-is-layout-flow\">\n<figure class=\"wp-block-image aligncenter size-large\"><img loading=\"lazy\" decoding=\"async\" width=\"1024\" height=\"768\" src=\"http:\/\/lesterrespures.fr\/wp-content\/uploads\/2025\/08\/1725277169535-1024x768.jpg\" alt=\"\" class=\"wp-image-132\" style=\"aspect-ratio:1;object-fit:cover\" srcset=\"http:\/\/lesterrespures.fr\/wp-content\/uploads\/2025\/08\/1725277169535-1024x768.jpg 1024w, http:\/\/lesterrespures.fr\/wp-content\/uploads\/2025\/08\/1725277169535-300x225.jpg 300w, http:\/\/lesterrespures.fr\/wp-content\/uploads\/2025\/08\/1725277169535-768x576.jpg 768w, http:\/\/lesterrespures.fr\/wp-content\/uploads\/2025\/08\/1725277169535-1536x1152.jpg 1536w, http:\/\/lesterrespures.fr\/wp-content\/uploads\/2025\/08\/1725277169535-2048x1536.jpg 2048w\" sizes=\"auto, (max-width: 1024px) 100vw, 1024px\" \/><\/figure>\n<\/div>\n<\/div>\n\n\n\n<p style=\"padding-top:0px;padding-bottom:0px\">Dans un domaine de 29 hectares, situ\u00e9 au c\u0153ur du parc naturel r\u00e9gional du Livradois Forez, sur la commune de Noir\u00e9table, <strong>le projet \u201cTerres Pures\u201d est une nouvelle structure d\u2019accueil touristique et p\u00e9dagogique destin\u00e9 au ressourcement et \u00e0 la sensibilisation au d\u00e9veloppement durable.<\/strong> Les activit\u00e9s du domaine reposent sur les valeurs d\u2019inclusivit\u00e9, de bien-\u00eatre et de reconnexion \u00e0 la nature.<\/p>\n\n\n\n<p> Elles sont structur\u00e9s autour de <strong>six projets<\/strong> :<\/p>\n\n\n\n<div class=\"wp-block-columns is-layout-flex wp-container-core-columns-is-layout-15017cb5 wp-block-columns-is-layout-flex\" style=\"padding-top:36px;padding-bottom:36px\">\n<div class=\"wp-block-column is-layout-flow wp-block-column-is-layout-flow\">\n<p class=\"has-text-align-left has-ast-global-color-1-color has-text-color has-link-color wp-elements-6d9a8ec17c1111b9735c71ab8fbe4bd5\"><strong>HEBERGEMENT TOURISTIQUE :<\/strong> <\/p>\n\n\n\n<p class=\"has-text-align-left\">Offrir un accueil de loisirs, chaleureux et inclusif, dans des g\u00eetes \u00e9cologiques, des h\u00e9bergements insolites et du camping \u00e0 la ferme, en harmonie avec l\u2019environnement.<\/p>\n<\/div>\n\n\n\n<div class=\"wp-block-column is-layout-flow wp-block-column-is-layout-flow\">\n<p class=\"has-text-align-left has-ast-global-color-1-color has-text-color has-link-color wp-elements-5ae31372476d1eda95035d224d48d5fe\"><strong>HEBERGEMENT SPECIFIQUE SANTE<\/strong> : <\/p>\n\n\n\n<p>Proposer des installations adapt\u00e9es au repos et \u00e0 la remise en forme des personnes souffrant de maladies pulmonaires, d\u2019\u00e9lectrohypersensibilit\u00e9 (EHS) et d\u2019hypersensibilit\u00e9 chimique multiple (MCS).<\/p>\n<\/div>\n\n\n\n<div class=\"wp-block-column is-layout-flow wp-block-column-is-layout-flow\">\n<p class=\"has-text-align-left has-ast-global-color-1-color has-text-color has-link-color wp-elements-13332729cb8fe715bfa8926338009d9c\"><strong>FERME PEDAGOGIQUE ET EXPLOITATION AGRICOLE<\/strong> : <\/p>\n\n\n\n<p>Produire une alimentation locale pour les visiteurs, valoriser les surplus par la vente et d\u00e9velopper des ateliers \u00e9ducatifs en permaculture, culture d\u2019aromates et apiculture pour sensibiliser aux pratiques<br>agricoles \u00e9co-responsables.<\/p>\n<\/div>\n<\/div>\n\n\n\n<div class=\"wp-block-columns is-layout-flex wp-container-core-columns-is-layout-15017cb5 wp-block-columns-is-layout-flex\" style=\"padding-top:36px;padding-bottom:36px\">\n<div class=\"wp-block-column is-layout-flow wp-block-column-is-layout-flow\">\n<p class=\"has-text-align-left has-ast-global-color-1-color has-text-color has-link-color wp-elements-11cd09130445d72a139a5c6b724ef0dd\"><strong>FORMATIONS, SEMINAIRES ET EVENEMENTS <\/strong>: <\/p>\n\n\n\n<p>Organiser des activit\u00e9s, des sessions de formation, des s\u00e9minaires d\u2019entreprise et des \u00e9v\u00e8nements sur les th\u00e8mes du bien-\u00eatre, du d\u00e9veloppement personnel et des pratiques \u00e9co-responsables.<\/p>\n<\/div>\n\n\n\n<div class=\"wp-block-column is-layout-flow wp-block-column-is-layout-flow\">\n<p class=\"has-text-align-left has-ast-global-color-1-color has-text-color has-link-color wp-elements-cd9fb6c70db4bb8d433d0da1942996cf\"><strong>ESPACE SPA ET BIEN-\u00caTRE <\/strong>: <\/p>\n\n\n\n<p>Offrir un cadre serein pour la relaxation et le bien-\u00eatre, avec des activit\u00e9s et des soins adapt\u00e9s \u00e0 la d\u00e9tente physique et mentale, reposant sur des pratiques naturelles et revitalisantes.<\/p>\n<\/div>\n\n\n\n<div class=\"wp-block-column is-layout-flow wp-block-column-is-layout-flow\">\n<p class=\"has-text-align-left has-ast-global-color-1-color has-text-color has-link-color wp-elements-2822da071a11e6ebd155e579fe060d67\"><strong>PRESERVATION DE LA VIE SAUVAGE<\/strong> : <\/p>\n\n\n\n<p>Sanctuariser plusieurs hectares de for\u00eat et de prairies, et d\u00e9velopper des sentiers d\u2019observation pour les visiteurs.<\/p>\n<\/div>\n<\/div>\n\n\n\n<div class=\"wp-block-buttons alignwide is-content-justification-center is-layout-flex wp-container-core-buttons-is-layout-a89b3969 wp-block-buttons-is-layout-flex\">\n<div class=\"wp-block-button\"><a class=\"wp-block-button__link wp-element-button\" href=\"http:\/\/lesterrespures.fr\/?page_id=160\">Pour en Savoir plus sur nos Projets et nous Soutenir financi\u00e8rement \u00e9crivez nous<\/a><\/div>\n<\/div>\n\n\n\n<p><\/p>\n","protected":false},"excerpt":{"rendered":"<p>Projets des Terres Pures Eco-Tourisme, Sant\u00e9 et \u00e9ducation \u00e0 l&rsquo;Environnement Dans un domaine de 29 hectares, situ\u00e9 au c\u0153ur du [&hellip;]<\/p>\n","protected":false},"author":1,"featured_media":0,"parent":0,"menu_order":0,"comment_status":"closed","ping_status":"closed","template":"","meta":{"_uag_custom_page_level_css":"","site-sidebar-layout":"default","site-content-layout":"","ast-site-content-layout":"default","site-content-style":"default","site-sidebar-style":"default","ast-global-header-display":"","ast-banner-title-visibility":"","ast-main-header-display":"","ast-hfb-above-header-display":"","ast-hfb-below-header-display":"","ast-hfb-mobile-header-display":"","site-post-title":"disabled","ast-breadcrumbs-content":"","ast-featured-img":"","footer-sml-layout":"","ast-disable-related-posts":"","theme-transparent-header-meta":"","adv-header-id-meta":"","stick-header-meta":"","header-above-stick-meta":"","header-main-stick-meta":"","header-below-stick-meta":"","astra-migrate-meta-layouts":"default","ast-page-background-enabled":"default","ast-page-background-meta":{"desktop":{"background-color":"var(--ast-global-color-5)","background-image":"","background-repeat":"repeat","background-position":"center center","background-size":"auto","background-attachment":"scroll","background-type":"","background-media":"","overlay-type":"","overlay-color":"","overlay-opacity":"","overlay-gradient":""},"tablet":{"background-color":"","background-image":"","background-repeat":"repeat","background-position":"center center","background-size":"auto","background-attachment":"scroll","background-type":"","background-media":"","overlay-type":"","overlay-color":"","overlay-opacity":"","overlay-gradient":""},"mobile":{"background-color":"","background-image":"","background-repeat":"repeat","background-position":"center center","background-size":"auto","background-attachment":"scroll","background-type":"","background-media":"","overlay-type":"","overlay-color":"","overlay-opacity":"","overlay-gradient":""}},"ast-content-background-meta":{"desktop":{"background-color":"var(--ast-global-color-4)","background-image":"","background-repeat":"repeat","background-position":"center center","background-size":"auto","background-attachment":"scroll","background-type":"","background-media":"","overlay-type":"","overlay-color":"","overlay-opacity":"","overlay-gradient":""},"tablet":{"background-color":"var(--ast-global-color-4)","background-image":"","background-repeat":"repeat","background-position":"center center","background-size":"auto","background-attachment":"scroll","background-type":"","background-media":"","overlay-type":"","overlay-color":"","overlay-opacity":"","overlay-gradient":""},"mobile":{"background-color":"var(--ast-global-color-4)","background-image":"","background-repeat":"repeat","background-position":"center center","background-size":"auto","background-attachment":"scroll","background-type":"","background-media":"","overlay-type":"","overlay-color":"","overlay-opacity":"","overlay-gradient":""}},"footnotes":""},"class_list":["post-129","page","type-page","status-publish","hentry"],"uagb_featured_image_src":{"full":false,"thumbnail":false,"medium":false,"medium_large":false,"large":false,"1536x1536":false,"2048x2048":false},"uagb_author_info":{"display_name":"admin3866","author_link":"http:\/\/lesterrespures.fr\/?author=1"},"uagb_comment_info":0,"uagb_excerpt":"Projets des Terres Pures Eco-Tourisme, Sant\u00e9 et \u00e9ducation \u00e0 l&rsquo;Environnement Dans un domaine de 29 hectares, situ\u00e9 au c\u0153ur du [&hellip;]","_links":{"self":[{"href":"http:\/\/lesterrespures.fr\/index.php?rest_route=\/wp\/v2\/pages\/129","targetHints":{"allow":["GET"]}}],"collection":[{"href":"http:\/\/lesterrespures.fr\/index.php?rest_route=\/wp\/v2\/pages"}],"about":[{"href":"http:\/\/lesterrespures.fr\/index.php?rest_route=\/wp\/v2\/types\/page"}],"author":[{"embeddable":true,"href":"http:\/\/lesterrespures.fr\/index.php?rest_route=\/wp\/v2\/users\/1"}],"replies":[{"embeddable":true,"href":"http:\/\/lesterrespures.fr\/index.php?rest_route=%2Fwp%2Fv2%2Fcomments&post=129"}],"version-history":[{"count":10,"href":"http:\/\/lesterrespures.fr\/index.php?rest_route=\/wp\/v2\/pages\/129\/revisions"}],"predecessor-version":[{"id":213,"href":"http:\/\/lesterrespures.fr\/index.php?rest_route=\/wp\/v2\/pages\/129\/revisions\/213"}],"wp:attachment":[{"href":"http:\/\/lesterrespures.fr\/index.php?rest_route=%2Fwp%2Fv2%2Fmedia&parent=129"}],"curies":[{"name":"wp","href":"https:\/\/api.w.org\/{rel}","templated":true}]}}